0
What is the remainder when 3553 is divided by 1175?
28
Calculate the remainder when 20213 is divided by 227.
10
What is the remainder when 317 is divided by 315?
2
Calculate the remainder when 4014 is divided by 1335.
9
Calculate the remainder when 2545 is divided by 527.
437
Calculate the remainder when 538 is divided by 323.
215
What is the remainder when 943 is divided by 309?
16
Calculate the remainder when 402518 is divided by 290.
288
What is the remainder when 1818621 is divided by 222?
219
What is the remainder when 20620 is divided by 6814?
178
Calculate the remainder when 4440 is divided by 371.
359
Calculate the remainder when 39486 is divided by 39483.
3
What is the remainder when 1134 is divided by 217?
49
What is the remainder when 7090 is divided by 7051?
39
Calculate the remainder when 76885 is divided by 12812.
13
What is the remainder when 33584 is divided by 36?
32
Calculate the remainder when 3054 is divided by 46.
18
Calculate the remainder when 11233 is divided by 803.
794
What is the remainder when 21317 is divided by 148?
5
Calculate the remainder when 1335750 is divided by 1307.
1303
Calculate the remainder when 189446 is divided by 75.
71
Calculate the remainder when 75815 is divided by 25258.
41
Calculate the remainder when 90186 is divided by 44935.
316
What is the remainder when 25991 is divided by 268?
263
Calculate the remainder when 2433 is divided by 479.
38
Calculate the remainder when 1831838 is divided by 610611.
5
What is the remainder when 8155 is divided by 1565?
330
What is the remainder when 57502 is divided by 87?
82
Calculate the remainder when 4643 is divided by 2211.
221
What is the remainder when 18778 is divided by 18198?
580
What is the remainder when 12450 is divided by 430?
410
Calculate the remainder when 7546 is divided by 685.
11
What is the remainder when 4952 is divided by 160?
152
Calculate the remainder when 646 is divided by 280.
86
Calculate the remainder when 132381 is divided by 4.
1
Calculate the remainder when 33468 is divided by 446.
18
Calculate the remainder when 3637 is divided by 180.
37
Calculate the remainder when 1742 is divided by 42.
20
What is the remainder when 660 is divided by 246?
168
Calculate the remainder when 40787 is divided by 679.
47
Calculate the remainder when 178603 is divided by 35.
33
Calculate the remainder when 12318 is divided by 6070.
178
Calculate the remainder when 3420 is divided by 1368.
684
Calculate the remainder when 413787 is divided by 51.
24
Calculate the remainder when 33094 is divided by 11025.
19
What is the remainder when 1611 is divided by 460?
231
Calculate the remainder when 35713 is divided by 8924.
17
Calculate the remainder when 116 is divided by 51.
14
Calculate the remainder when 1991582 is divided by 172.
166
What is the remainder when 270479 is divided by 392?
391
What is the remainder when 283971 is divided by 141982?
7
Calculate the remainder when 2948 is divided by 972.
32
Calculate the remainder when 20587 is divided by 5146.
3
Calculate the remainder when 205 is divided by 90.
25
Calculate the remainder when 4184 is divided by 246.
2
Calculate the remainder when 47112 is divided by 15.
12
Calculate the remainder when 4186 is divided by 589.
63
What is the remainder when 3135477 is divided by 901?
898
Calculate the remainder when 10810 is divided by 60.
10
What is the remainder when 13093 is divided by 147?
10
Calculate the remainder when 60828 is divided by 22.
20
Calculate the remainder when 2923480 is divided by 23.
19
What is the remainder when 86488 is divided by 53?
45
What is the remainder when 24710 is divided by 433?
29
Calculate the remainder when 124597 is divided by 178.
175
What is the remainder when 5179 is divided by 433?
416
Calculate the remainder when 1666 is divided by 427.
385
What is the remainder when 181137 is divided by 10?
7
What is the remainder when 97805 is divided by 1288?
1205
Calculate the remainder when 464625 is divided by 125.
0
Calculate the remainder when 3685 is divided by 305.
25
What is the remainder when 643559 is divided by 744?
743
Calculate the remainder when 9128 is divided by 254.
238
Calculate the remainder when 5609878 is divided by 8.
6
What is the remainder when 221750 is divided by 39?
35
Calculate the remainder when 1830 is divided by 178.
50
What is the remainder when 3079 is divided by 170?
19
What is the remainder when 177839 is divided by 285?
284
Calculate the remainder when 2185 is divided by 676.
157
Calculate the remainder when 11789 is divided by 25.
14
What is the remainder when 152416 is divided by 191?
189
What is the remainder when 21474 is divided by 767?
765
What is the remainder when 178240 is divided by 134?
20
Calculate the remainder when 351394 is divided by 43.
41
Calculate the remainder when 947 is divided by 290.
77
Calculate the remainder when 5637 is divided by 16.
5
What is the remainder when 5250 is divided by 26?
24
What is the remainder when 40927 is divided by 10231?
3
Calculate the remainder when 2848 is divided by 338.
144
Calculate the remainder when 77137 is divided by 5142.
7
Calculate the remainder when 62588 is divided by 384.
380
What is the remainder when 24096 is divided by 102?
24
What is the remainder when 63112 is divided by 38?
32
What is the remainder when 98651 is divided by 10960?
11
What is the remainder when 5016 is divided by 186?
180
Calculate the remainder when 8791 is divided by 314.
313
What is the remainder when 6416 is divided by 4744?
1672
What is the remainder when 52058 is divided by 585?
578
What is the remainder when 4852 is divided by 65?
42
What is the remainder when 18977 is divided by 827?
783
What is the remainder when 1910 is divided by 171?
29
Calculate the remainder when 8770 is divided by 41.
37
What is the remainder when 32815 is divided by 61?
58
What is the remainder when 22715 is divided by 7563?
26
What is the remainder when 6281 is divided by 2951?
379
Calculate the remainder when 55007 is divided by 17.
12
Calculate the remainder when 37590 is divided by 37.
35
Calculate the remainder when 94427 is divided by 95.
92
Calculate the remainder when 48239 is divided by 8.
7
Calculate the remainder when 23694 is divided by 184.
142
What is the remainder when 25095 is divided by 12500?
95
Calculate the remainder when 2683 is divided by 533.
18
Calculate the remainder when 5518 is divided by 15.
13
Calculate the remainder when 101933 is divided by 33976.
5
What is the remainder when 321687 is divided by 17?
13
Calculate the remainder when 6684 is divided by 809.
212
Calculate the remainder when 416162 is divided by 178.
176
What is the remainder when 32572 is divided by 1487?
1345
Calculate the remainder when 91 is divided by 89.
2
What is the remainder when 4132 is divided by 4049?
83
Calculate the remainder when 2228 is divided by 337.
206
Calculate the remainder when 31839 is divided by 522.
519
What is the remainder when 4124 is divided by 9?
2
Calculate the remainder when 329251 is divided by 102.
97
Calculate the remainder when 9312 is divided by 23.
20
What is the remainder when 978516 is divided by 29?
27
Calculate the remainder when 119920 is divided by 116.
92
What is the remainder when 11683 is divided by 2329?
38
Calculate the remainder when 155629 is divided by 38903.
17
Calculate the remainder when 7199 is divided by 7154.
45
Calculate the remainder when 10754 is divided by 2246.
1770
What is the remainder when 45790 is divided by 12?
10
What is the remainder when 16207 is divided by 1737?
574
Calculate the remainder when 2519 is divided by 162.
89
What is the remainder when 39647 is divided by 26?
23
Calculate the remainder when 38643 is divided by 191.
61
What is the remainder when 28654 is divided by 9270?
844
Calculate the remainder when 44664 is divided by 4058.
26
What is the remainder when 1670 is divided by 335?
330
What is the remainder when 630532 is divided by 9852?
4
Calculate the remainder when 4541 is divided by 668.
533
What is the remainder when 36665 is divided by 29?
9
Calculate the remainder when 12401 is divided by 2.
1
What is the remainder when 358175 is divided by 22?
15
What is the remainder when 3357 is divided by 259?
249
Calculate the remainder when 98881 is d